{"id":34,"date":"2024-01-16T14:30:16","date_gmt":"2024-01-16T17:30:16","guid":{"rendered":"http:\/\/ibnsuzanalyra.com.br\/?post_type=especialidade&#038;p=34"},"modified":"2024-01-22T18:22:48","modified_gmt":"2024-01-22T21:22:48","slug":"tratamento-para-demencias","status":"publish","type":"especialidade","link":"https:\/\/ibnsuzanalyra.com.br\/?especialidade=tratamento-para-demencias","title":{"rendered":"Tratamento Para Dem\u00eancias"},"content":{"rendered":"<p>O Tratamento para Dem\u00eancias engloba um conjunto de abordagens terap\u00eauticas destinadas a pessoas que enfrentam condi\u00e7\u00f5es neurol\u00f3gicas progressivas, como a doen\u00e7a de Alzheimer e outras formas de dem\u00eancia.<\/p>\n<p>Esse tratamento visa proporcionar suporte abrangente, promover a qualidade de vida e mitigar os sintomas associados \u00e0s altera\u00e7\u00f5es cognitivas.<\/p>\n","protected":false},"featured_media":0,"template":"","class_list":["post-34","especialidade","type-especialidade","status-publish","hentry"],"acf":[],"_links":{"self":[{"href":"https:\/\/ibnsuzanalyra.com.br\/index.php?rest_route=\/wp\/v2\/especialidade\/34","targetHints":{"allow":["GET"]}}],"collection":[{"href":"https:\/\/ibnsuzanalyra.com.br\/index.php?rest_route=\/wp\/v2\/especialidade"}],"about":[{"href":"https:\/\/ibnsuzanalyra.com.br\/index.php?rest_route=\/wp\/v2\/types\/especialidade"}],"wp:attachment":[{"href":"https:\/\/ibnsuzanalyra.com.br\/index.php?rest_route=%2Fwp%2Fv2%2Fmedia&parent=34"}],"curies":[{"name":"wp","href":"https:\/\/api.w.org\/{rel}","templated":true}]}}

Tratamento Para Demências

<p>O Tratamento para Demências engloba um conjunto de abordagens terapêuticas destinadas a pessoas que enfrentam condições neurológicas progressivas, como a doença de Alzheimer e outras formas de demência.</p>
<p>Esse tratamento visa proporcionar suporte abrangente, promover a qualidade de vida e mitigar os sintomas associados às alterações cognitivas.</p>
