{"id":33,"date":"2024-01-16T14:30:01","date_gmt":"2024-01-16T17:30:01","guid":{"rendered":"http:\/\/ibnsuzanalyra.com.br\/?post_type=especialidade&#038;p=33"},"modified":"2024-01-22T18:13:22","modified_gmt":"2024-01-22T21:13:22","slug":"psiquiatria","status":"publish","type":"especialidade","link":"https:\/\/ibnsuzanalyra.com.br\/?especialidade=psiquiatria","title":{"rendered":"Psiquiatria"},"content":{"rendered":"<p>\u00c9 uma das especialidades da Medicina, e basicamente \u00e9 respons\u00e1vel pelo diagn\u00f3stico e tratamento dos chamados Transtornos Mentais e de Comportamento, atuando com a preven\u00e7\u00e3o, o diagn\u00f3stico, o tratamento e a reabilita\u00e7\u00e3o dos diferentes modos de manifesta\u00e7\u00f5es das doen\u00e7as mentais em geral.<\/p>\n","protected":false},"featured_media":0,"template":"","class_list":["post-33","especialidade","type-especialidade","status-publish","hentry"],"acf":[],"_links":{"self":[{"href":"https:\/\/ibnsuzanalyra.com.br\/index.php?rest_route=\/wp\/v2\/especialidade\/33","targetHints":{"allow":["GET"]}}],"collection":[{"href":"https:\/\/ibnsuzanalyra.com.br\/index.php?rest_route=\/wp\/v2\/especialidade"}],"about":[{"href":"https:\/\/ibnsuzanalyra.com.br\/index.php?rest_route=\/wp\/v2\/types\/especialidade"}],"wp:attachment":[{"href":"https:\/\/ibnsuzanalyra.com.br\/index.php?rest_route=%2Fwp%2Fv2%2Fmedia&parent=33"}],"curies":[{"name":"wp","href":"https:\/\/api.w.org\/{rel}","templated":true}]}}

<p>É uma das especialidades da Medicina, e basicamente é responsável pelo diagnóstico e tratamento dos chamados Transtornos Mentais e de Comportamento, atuando com a prevenção, o diagnóstico, o tratamento e a reabilitação dos diferentes modos de manifestações das doenças mentais em geral.</p>
